. Let u(x) = 43*x - 8. Is u(z) a composite number?
False
Is 15384 - (-1 + 91)/9 a composite number?
True
Let k(r) = -8743*r - 2. Let n be k(2). Is n/(-14) - (-15)/(-105) a prime number?
True
Suppose 5*t + 19*f - 43024 = 20*f, -2*t - 3*f = -17213. Is t prime?
False
Let t(h) = -148*h + 1. Let c = 0 + -1. Is t(c) composite?
False
Let r be 5001/((-6)/8 - 0). Is -2 + r/(-3) + (-1)/(-3) a composite number?
False
Let m(b) = b**3 + 3*b**2 + b - 1. Let d = 32 + -35. Let c be m(d). Is (-2)/c*11508/6 composite?
True
Is (4 + 3 + -6)*18677 a composite number?
True
Let n = -24068 + 56241. Is n composite?
False
Is (-4340215)/(-40) - 6/16 a prime number?
False
Let v(h) = -50*h**2 - 8*h + 1. Let n(b) = 25*b**2 + 4*b - 1. Let x(w) = 7*n(w) + 3*v(w). Is x(3) a composite number?
False
Suppose -18 = -f - q - 5, -3*q - 21 = -3*f. Suppose 22 = -4*v + f. Is 52 - (v - 1)/4 a composite number?
False
Let j(z) be the first derivative of -3*z**4/4 + z**3 - 3*z**2/2 + 13*z + 1. Is j(-6) a composite number?
False
Let k be 10/4 - 5/(-10). Suppose 6 = -k*d, -4*r + 233 = -d + 83. Is r a prime number?
True
Let s be 2/10 + 24/30 + 565. Let o = -187 + s. Is o a composite number?
False
Suppose 2*p + g - 630 = 0, -27*p - 4*g + 1569 = -22*p. Is p a prime number?
True
Let a = 440 + 1739. Is a prime?
True
Let i be (-42)/(-9) + (-11)/3 + 3. Suppose -i*w + 6*w = 52. Is w a composite number?
True
Suppose -2*g - 4 = -8. Suppose -h + 76 + 17 = -g*j, 4*h - 348 = -4*j. Is h a composite number?
False
Suppose -10 = -5*t + 2*y, -6*t = -3*t - 4*y - 20. Is -4 + t/(-2) + 3645 composite?
True
Let g = 65 - -574. Let u = 2276 - g. Is u composite?
False
Let j be 2*(-2 - (-52)/(-8)). Let b = 21 + j. Suppose p - 5*g = 211, 0*p + 3*p - b*g - 633 = 0. Is p composite?
False
Let m(z) = -z**3 + 10. Let x be -4 + (-6)/(-9)*6. Let k be m(x). Is (-6)/k - (-4996)/10 a composite number?
False
Suppose w = -2 - 1, -5*u - 123 = -4*w. Let p = 26 + u. Is p + (-278)/(-1) - 3 composite?
True
Let x(w) = -19*w**3 + 12*w**2 + 8*w + 12. Is x(-5) composite?
False
Let f(u) = u**3 - 10*u**2 + 10*u - 6. Let d be f(9). Suppose -20 = 5*t - 4*g, t + 10 = -d*t + 2*g. Suppose 57 = -t*m + 3*m. Is m prime?
True
Let b(l) = -267*l**3 - l**2 + 10*l + 17. Is b(-3) a prime number?
True
Suppose 14*p - 9090 - 11420 = 0. Is p composite?
True
Suppose 1079*n = 1074*n + 102685. Is n composite?
True
Let x(g) = 102*g + 32. Let m be x(-19). Let z = m - -2993. Is z prime?
True
Suppose 1 + 2 = 3*v. Let l = -26 + -183. Is (-21)/(-7) - (v + l) composite?
False
Is 10/(-40) - (-59118)/24 a composite number?
True
Let b = -7 - -7. Suppose 4*g + 5*h - 460 = 0, 0 = -3*g + 2*g + 5*h + 140. Suppose b = j + g - 413. Is j a composite number?
False
Let f(m) = m**3 + 8*m**2 + 9*m + 14. Let t be f(-7). Is -6 + (t - -3) - -74 prime?
True
Suppose 2*h = s + 5*h - 11540, -23095 = -2*s - h. Is s composite?
False
Let d be (539/14)/(1/2). Let m be 58/7 - 22/d. Suppose -9*r = -m*r - 205. Is r prime?
False
Let q(l) = 145041*l**3 + l**2 + 6*l - 5. Is q(1) composite?
False
Is ((-210387)/399)/(2/(-14)) prime?
True
Let n(r) = r**2 - 7*r. Let c be n(3). Let s = -15 - c. Let y(i) = -10*i + 1. Is y(s) a prime number?
True
Let u = 3724 - 2340. Let i = 13 + u. Is i composite?
True
Suppose -4*y + 52776 = -2*z, -5*y + 6*y + 3*z - 13187 = 0. Is y a prime number?
False
Suppose 46*j = 66*j - 477140. Is j composite?
False
Let j(a) = a**3 + 3*a**2 + 3*a + 4. Let g be j(7). Suppose -g - 2135 = -b. Let r = -1785 + b. Is r a composite number?
True
Suppose -c = 11*c - 5772. Is (c - -14) + 1*-4 a prime number?
True
Let w(d) = d**3 + 13*d**2 - 15*d - 12. Let l be w(-14). Let p = -11 - -16. Suppose -p*y + 575 = o, 0 = 3*y - l*y - 3*o - 115. Is y a prime number?
False
Let m be (2/(-10) - -1)/(2/1195). Suppose -3*u + 1734 = 3*z, z = -4*u + m + 1849. Is u composite?
True
Suppose 5*w - 12 = -2*z + z, -6 = -w - 2*z. Suppose -16*t + w = -15*t. Suppose -48 - 486 = -t*a. Is a a composite number?
True
Let n(i) = i**2 - i + 1. Let l(f) = 3*f**2 - 19*f + 9. Let w(h) = -l(h) + 6*n(h). Is w(-22) prime?
True
Let x(k) = 2*k + 24. Let c be x(-10). Let l = c + -4. Suppose l = -o - 0*o + 33. Is o prime?
False
Suppose 218 = 10*s - 8*s. Suppose r - s = -0*t + 3*t, 0 = -2*t - 10. Is r a prime number?
False
Let y(x) = -x**2 + 8*x - 4. Let p be y(7). Let t be (-2 - -1)*(2 - p). Is t - (-63 + (-5 - -2)) a composite number?
False
Suppose -4*d + 2*j - 460 = -0*j, 4*j - 452 = 4*d. Let l = -23 - d. Is l prime?
False
Let n(p) = p. Let z(w) = 2*w**2 - 12*w - 14. Let h(s) = 5*n(s) + z(s). Is h(7) a composite number?
True
Let k = 57968 - 23797. Is k composite?
False
Let s = 4285 + -2277. Suppose 0 = 5*j - 3*k - s - 216, k - 2232 = -5*j. Is j prime?
False
Let p(c) = -27*c**3 - 3*c**2 + 8*c + 3. Let u be p(4). Let q = -1239 - u. Is q prime?
False
Suppose 1368 = -10*b - 1362. Let j = -155 - b. Is j a prime number?
False
Suppose -5*n + c + 4 = -9, 3*n - 2*c - 12 = 0. Let b(r) = 229*r**2 + 5*r - 4. Is b(n) prime?
False
Suppose 5*b = 2102 + 1033. Is b/12 + (-6)/(-8) prime?
True
Suppose 2*i + 4*w = -0*w - 2, -5*i - w = 5. Let t be 1315/4 + i/(-4). Let u = t + -160. Is u a prime number?
False
Let d(z) = 18*z**2 - 14*z - 9. Is d(-11) prime?
False
Suppose -p - 11 = 4*t, -t + 5*p - 8 = 21. Is ((-685)/20)/(t/80) composite?
True
Suppose 0 = 109*w + 1403369 - 5197332. Is w a prime number?
True
Let c(b) = 45*b**2 - 2*b - 240. Is c(-17) composite?
False
Let x = -422 + 720. Suppose k = -0*k + x. Is k a prime number?
False
Let b(g) = g**2 - 2*g - 10. Let p be b(5). Let y = 1 + p. Suppose 3*i + 2*j = y*j + 49, -4*i + 68 = -4*j. Is i a composite number?
False
Suppose 0 = -4*i - i - 3*l - 1961, 2*i - 2*l + 794 = 0. Let s = 1349 + i. Is s prime?
False
Let y be (-3)/(-4*(-2)/8). Let z(k) = k + 7. Let r be z(y). Is 2/r + 793/2 a prime number?
True
Let g(x) = 30*x - 10. Let t(s) = -1. Let m(l) = g(l) - 12*t(l). Is m(14) a prime number?
False
Let q = 1506 - 4345. Let c = q - -7128. Is c a composite number?
False
Suppose 22*v = 16*v. Let c = 671 - -904. Suppose -4*z + 1488 = 4*n, 4*z + n + 84 - c = v. Is z prime?
True
Let o(k) = -k**3 + 72*k**2 - 77*k - 113. Is o(44) composite?
False
Let a be 1 + (-1 - -5*1). Let p(c) = -c**3 - 4*c**2 - 5*c - 13. Let j be p(-4). Suppose a*y = j*y - 404. Is y composite?
True
Let s(r) be the second derivative of 1/12*r**4 + 0 + 1/2*r**2 + 3*r + 0*r**3. Is s(-6) a composite number?
False
Suppose 96472 = 9*c - 213389. Is c a prime number?
True
Let s be 1*1545/((-5)/(-5)). Suppose -7*r - s = -12*r. Is r + 3/((-15)/10) a prime number?
True
Suppose 4144 + 6220 = 4*u. Is u composite?
False
Suppose 4*j + 547 - 2399 = 0. Suppose 119 = 6*a - j. Is a composite?
False
Let j(k) = -99*k**2 - 4*k - 7. Let y(g) = -297*g**2 - 12*g - 20. Let t be ((-363)/22)/(3/(-2)). Let h(l) = t*j(l) - 4*y(l). Is h(-2) composite?
True
Let w(a) be the first derivative of 2*a**3/3 - 7*a**2/2 - 13*a + 3. Let x be w(9). Suppose 3*r = 7 - 4, 0 = l + 3*r - x. Is l a composite number?
False
Suppose -17*x + 10862 = 271. Is x prime?
False
Let y be (2 + 3)*195/(-25). Suppose 0*h = 2*h - 4, -2*g - h + 156 = 0. Let x = g + y. Is x prime?
False
Suppose p + 2 - 5 = 0. Let c(g) = -3*g**2 - 6*g - p - 4 + 5*g**2. Is c(-9) composite?
True
Let f be (-10 + 8)/((-2)/3). Suppose 2*a = -5*q - 3*a + 14085, 4*q + f*a - 11270 = 0. Is q a prime number?
True
Let h(x) = 52*x**2 - 2*x + 14. Let b be h(7). Suppose 1297 = 5*g - b. Is g a prime number?
True
Suppose -2*x + 4*b + 7 = -15, -x - b = -20. Let g(u) = -9 + x*u**2 + 6 + u + 2. Is g(-3) prime?
True
Let n(d) = -d**3 - 2*d**2 + 2*d - 1. Let z be n(-3). Let x be (7 + -3)/(z/1). Suppose -2*q + 4 = -6, -x*i = -3*q - 119. Is i a composite number?
False
Let k(c) = -6*c + 11. Let l be k(2). Is 1*(l - (-338 - 2)) prime?
False
Suppose 2*o = 5*u + 52687 + 76646, -4*u = o - 64673. Is o composite?
True
Suppose 12*r + 1973 = 13*r. Is r a prime number?
True
Let t(a) = -5*a - 8. Suppose 4*l - w = -7, 0 = 3*l - 5*w + 3 - 2. Let f be t(l). Suppose -222 = -2*i - f*b, 5*b = -i + 163 - 44. Is i a composite number?
False
Let u = 319 - -8557. Suppose 0 = -3*c + 2*p + 9327, u = 5*c - 4*p - 6669. Is c prime?
True
Let z(l) = 91*l + 3. Suppose 0 = 5*j - j - 8. Is z(j) composite?
True
Let x be 2 - (3 + 2) - -41. Suppose 0 = -4*r + 2 + x. Suppose 0 = -